= 6*t - 18. What is u(14)?
66
Let u(f) = f + 3. Determine u(-3).
0
Let y(u) = -u - 5. Give y(-7).
2
Let y(u) = -u**3 + u**2 + 3. Give y(2).
-1
Let w(t) = -t + 19. Give w(-18).
37
Let d(p) = -p**3 + 11*p**2 - 27*p. Calculate d(4).
4
Let h(o) = 7*o + 19. Calculate h(7).
68
Let i(f) = 2*f**2 - 30*f + 27. Give i(14).
-1
Let l(q) = q**2 + 22*q + 30. Determine l(-20).
-10
Let q(l) = -6*l - 29. Calculate q(-4).
-5
Let u(w) = 2*w + 19. Calculate u(-10).
-1
Let b(g) = -g**2 + 12*g - 9. What is b(10)?
11
Let q(z) = z**3 + 18*z**2 + 13*z + 11. Give q(-17).
79
Let p(a) = -a**2 + a + 4. Determine p(6).
-26
Let v(j) = j - 3. Calculate v(1).
-2
Let d(g) = -g**3 + 8*g**2 - 8*g - 6. Calculate d(6).
18
Let b(u) = -u**2 - 57*u + 316. Give b(5).
6
Let p(n) = 29*n + 307. Give p(-10).
17
Let x(b) = 13*b + 257. Give x(-20).
-3
Let u(b) = b**2 - 9*b - 20. What is u(10)?
-10
Let h(k) = -2*k**3 + 13*k**2 - 8*k + 9. Give h(6).
-3
Let n(s) = 4*s + 31. Give n(-8).
-1
Let m(p) = -5*p**3 + 3*p**2 - 8*p + 7. What is m(2)?
-37
Let i(u) = u**3 + 2*u**2 - 2*u - 2. Calculate i(-2).
2
Let h(p) = -4*p**2 - 17*p + 4. What is h(-5)?
-11
Let z(q) = q + 4. Give z(-11).
-7
Let d(h) = -h**2 + 2*h + 11. What is d(3)?
8
Let j(l) = -45*l - 4. Give j(1).
-49
Let t(g) = -9*g - 13. Calculate t(8).
-85
Let p(a) = a**2 - 12*a + 12. What is p(11)?
1
Let z(s) = s**2 - 3*s - 7. Determine z(-4).
21
Let h(u) = -u**3 + 10*u**2 - 16*u + 7. Give h(8).
7
Let p(b) = b**2 - 23*b + 66. What is p(3)?
6
Let p(n) = -82*n - 4. Calculate p(-1).
78
Let y(b) = -10*b - 96. Give y(-9).
-6
Let l(h) = -h**2 - 12*h + 5. Calculate l(-14).
-23
Let y(t) = 17*t - 142. Give y(9).
11
Let x(r) = r**2 + 22*r + 62. What is x(-19)?
5
Let n(w) = -6*w**2 - 19*w - 10. Calculate n(-3).
-7
Let f(k) = 5*k**2 + 2*k - 1. Calculate f(1).
6
Let l(p) = p**3 - 8*p**2 + 8*p + 4. Give l(7).
11
Let y(q) = -q**3 + 2*q + 5. Give y(4).
-51
Let d(r) = 5*r + 23. What is d(-7)?
-12
Let r(p) = -3*p**2 + 19*p - 4. Calculate r(6).
2
Let v(s) = -11*s - 107. Determine v(-12).
25
Let p(m) = -m**2 + 2*m - 3. What is p(1)?
-2
Let c(x) = -43*x - 22. Determine c(-2).
64
Let j(l) = -8*l + 1. Calculate j(-1).
9
Let c(a) = a**3 - 2*a**2 + a - 2. Calculate c(4).
34
Let j(v) = 2*v - 3. What is j(8)?
13
Let q(m) = m**2 - 28*m + 124. What is q(6)?
-8
Let k(n) = -6*n + 30. Give k(18).
-78
Let l(g) = -9*g - 106. Give l(-20).
74
Let z(s) = 4*s - 3. Determine z(3).
9
Let i(p) = 3*p**2 + 19*p - 160. Calculate i(-11).
-6
Let z(c) = -42*c + 62. Calculate z(2).
-22
Let c(h) = h**2 - 19*h + 24. Calculate c(8).
-64
Let x(z) = z**3 - 23*z**2 - z + 29. Give x(23).
6
Let x(w) = w - 40. What is x(0)?
-40
Let z(w) = 2*w**2 + 45*w - 18. Give z(-23).
5
Let y(h) = -37*h - 11. Calculate y(1).
-48
Let l(c) = c + 6. Determine l(6).
12
Let o(h) = 10*h + 9. Determine o(-2).
-11
Let z(s) = -s - 14. What is z(-8)?
-6
Let s(k) = -2*k + 19. What is s(10)?
-1
Let l(w) = w**3 - 21*w**2 - 105*w + 129. Determine l(25).
4
Let b(v) = 17*v + 4. Determine b(4).
72
Let j(k) = -25*k**2 + 7*k - 3. What is j(1)?
-21
Let p(s) = -3*s + 38. Calculate p(18).
-16
Let o(f) = -2*f**2 + 42*f + 25. What is o(21)?
25
Let j(s) = -2*s**3 - s**2 + 5*s + 5. Give j(-2).
7
Let o(w) = -w**3 + 6*w**2 - 7*w + 41. Give o(6).
-1
Let a(k) = 2*k**2 - 83*k + 44. Give a(41).
3
Let x(a) = -14*a**2 + 38*a + 9. Calculate x(3).
-3
Let x(q) = -q**2 - 2*q + 13. Calculate x(-4).
5
Let h(t) = t**2 - 19*t + 12. Determine h(0).
12
Let u(q) = -q**2 - 9*q - 10. Determine u(-10).
-20
Let j(g) = 10*g**2 + g. Calculate j(-1).
9
Let w(i) = -i + 3. What is w(0)?
3
Let q(g) = -g**2 + 11*g - 26. Determine q(8).
-2
Let i(u) = -2*u**3 + 27*u**2 + 11*u + 1. Calculate i(14).
-41
Let y(d) = 3*d**2 - 18*d + 5. Give y(9).
86
Let l(y) = 6*y + 54. Calculate l(-11).
-12
Let l(p) = -p**3 + p**2 - 3*p - 70. Give l(0).
-70
Let u(m) = m**2 + 80*m - 242. Give u(3).
7
Let v(m) = m**2 - 5*m - 9. Determine v(7).
5
Let k(t) = 2*t**2 + 4*t - 4. Determine k(4).
44
Let u(a) = -2*a**2 - 6*a - 9. Give u(-3).
-9
Let w(g) = -g**2 - 4*g - 5. Calculate w(-3).
-2
Let j(x) = -13*x + 12. Calculate j(0).
12
Let o(k) = k**2 + 2*k - 13. What is o(-4)?
-5
Let a(x) = 3*x**2 + x - 5. Give a(4).
47
Let o(u) = -u**2 - 6*u + 70. What is o(-11)?
15
Let p(f) = 9*f**3 - f**2 + 3*f - 2. Give p(1).
9
Let h(r) = 9*r - 90. What is h(11)?
9
Let i(f) = -2*f**2 - 23*f - 73. Determine i(-7).
-10
Let p(d) = 4*d + 10. Calculate p(-3).
-2
Let j(x) = x + 4. Give j(7).
11
Let g(p) = p**2 - 6*p - 427. Determine g(-18).
5
Let p(v) = -v**3 + 10*v**2 - 9*v - 9. What is p(9)?
-9
Let q(v) = -v**3 + 6*v**2 + 30*v - 21. Calculate q(9).
6
Let r(u) = -8*u**2 + u - 7. Determine r(-4).
-139
Let z(r) = -r**3 - 2*r**2 + 5*r + 5. Calculate z(-4).
17
Let s(k) = -k - 10. Calculate s(-12).
2
Let y(h) = -h**3 - 39*h**2 - 39*h - 43. Give y(-38).
-5
Let c(r) = 2*r**2 - 36*r + 2. What is c(16)?
-62
Let l(u) = u**3 - 5*u**2 + 7*u - 4. Calculate l(4).
8
Let j(i) = -i**3 + 13*i**2 + 14*i - 6. What is j(14)?
-6
Let r(g) = -g**2 + 6*g + 1. What is r(7)?
-6
Let j(r) = 14*r + 37. Determine j(10).
177
Let g(j) = -2*j**3 + j**2 - 4*j + 3. Give g(-3).
78
Let f(k) = -k**2 + 9*k - 9. Give f(9).
-9
Let w(d) = -d**3 + 14*d**2 - 7*d - 16. Determine w(13).
62
Let i(w) = 4*w**3 - w**2 + 3*w - 2. Calculate i(2).
32
Let q(b) = -4*b + 30. Determine q(8).
-2
Let x(m) = 16*m - 425. Give x(25).
-25
Let q(b) = -b**2 - 5*b + 1. What is q(-6)?
-5
Let n(p) = 14*p + 6. What is n(-7)?
-92
Let f(w) = -5*w**2 + 3*w + 46. Calculate f(-5).
-94
Let b(j) = -7*j**2 + j + 1. Give b(-1).
-7
Let i(r) = r**3 + 13*r**2 - 18*r - 68. Give i(-14).
-12
Let p(c) = -9*c - 72. Calculate p(-8).
0
Let q(k) = k**3 - 4*k**2 - 3*k + 15. Give q(6).
69
Let n(o) = o**2 - 3*o - 17. Give n(5).
-7
Let x(r) = -3*r**2 - 5*r - 7. Give x(-3).
-19
Let l(z) = 2*z - 21. What is l(15)?
9
Let l(a) = -6*a. Calculate l(-4).
24
Let t(s) = -s**3 + 4*s**2 + 10*s - 3. Calculate t(6).
-15
Let s(r) = -3*r - 4. Determine s(5).
-19
Let m(s) = 18*s - 124. What is m(9)?
38
Let j(i) = 25*i + 550. What is j(-22)?
0
Let g(d) = d - 13. Calculate g(8).
-5
Let r(u) = -8*u - 9. Give r(-4).
23
Let x(f) = f**2 - 14*f + 39. Calculate x(9).
-6
Let x(c) = -2*c**2 - 27*c + 124. Give x(4).
-16
Let x(c) = 4*c + 34. Calculate x(-14).
-22
Let r(j) = 2*j**3 + 4*j**2 + 8*j + 12. What is r(-2)?
-4
Let g(o) = -o**2 + 2*o + 2. Give g(3).
-1
Let u(x) = -x**3 - 8*x**2 - 2*x + 2. Calculate u(-6).
-58
Let x(t) = t**2 + 31*t + 116. What is x(-27)?
8
Let f(w) = 2*w**2 - 9*w + 28. Give f(7).
63
Let b(j) = -2*j + 1. Give b(-6).
13
Let x(s) = 52*s + 1. Give x(1).
53
Let w(r) = -10*r - 12. Determine w(-3).
18
Let l(x) = 2*x**2 - 7*x + 2. What is l(2)?
-4
Let j(v) = -2*v**2 - 8*v - 19. Determine j(-3).
-13
Let v(i) = -i**2 + 8*i - 9. Determine v(5).
6
Let z(q) = -q**2 - 12*q - 23. Determine z(-7).
12
Let u(f) = -f**2 - 14*f + 184. Give u(-22).
8
Let x(r) = r - 13. Determine x(6).
-7
Let j(f) = f**3 - 3. Give j(0).
-3
Let o(s) = -17*s - 1. Calculate o(1).
-18
Let k(j) = 10*j**3 - j**2 + j + 1. Give k(1).
11
Let u(g) = -g**2 + 3*g - 4. Give u(0).
-4
Let k(a) = a**2 - 2*a - 7. Calculate k(0).
-7
Let d(z) = -z**2 - 17*z - 47. Calculate d(-14).
-5
Let b(g) = g**2 + 21*g + 100. Give b(-16).
20
Let o(r) = 65*r**2 + r + 1. Determine o(-1).
65
Let q(a) = a**2 - 32*a + 31. Give q(31).
0
Let p(m) = -m**2 + 4*m - 1. Calculate p(6).
-13
Let o(g) = g**2 - 3*g - 12. Give o(9).
42
Let o(a) = a**2 + 9*a + 12. What is o(-7)?
-2
Let y(d) = 20*d + 259. Calculate y(-14).
-21
Let z(j) = -j**2 + j - 8. Calculate z(0).
-8
Let a(z) = -z**3 + 2*z**2 + 5*z - 3. Determine a(3).
3
Let c(i) = i + 1. Determine c(1).
2
Let s(n) = -n**3 + 7*n**2 - n + 18. Determine s(6).
48
Let j(y) = 3*y - 79. What is j(22)?
-13
Let r(l) = -4*l**3 - 4*l**2 - 2*l + 1. Give r(-2).
21
Let s(d) = -15*d**3 - d**2 - d. Calculate s(-1).
15
Let k(z) = z**3 - 12*z + 17. Determine k(0).
17
Let i(b) = 2*b**2 + 3*b - 29. Calculate i(-5).
6
Let f(s) = -5*s**2 - 65*s - 13. What is f(-13)?
-13
Let p(u) = -5*u**2 - u - 1. What is p(2)?
-23
Let h(o) = 6*o - 25. What is h(6)?
11
Let n(z) = -7*z + 70. Calculate n(8).
14
Let h(l) = 2*l - 17. Calculate h(8).
-1
Let j(i) = i**3 + 16*i**2 + 2*i - 11. Determine j(-16).
-43
Let y(m) = -2*m**3 - 6*m**2 - 8*m - 20. Calculate y(-3).
4
Let y(h) = h + 4. D